1 composite?
False
Is 2187863 prime?
True
Is 6265351 a prime number?
True
Is 102687829 a prime number?
True
Is 18860731 a composite number?
False
Is 30724795 a composite number?
True
Is 182288797 composite?
False
Is 33045613 a prime number?
True
Is 657448793 composite?
False
Is 12977849 prime?
False
Is 1668587 a prime number?
True
Is 1009901 a prime number?
True
Is 165738673 prime?
False
Is 125430821 prime?
False
Is 358833913 a composite number?
True
Is 486955397 a prime number?
False
Is 50936069 a composite number?
True
Is 15933703 a prime number?
True
Is 221981363 prime?
True
Is 174977911 a prime number?
True
Is 2879153 a composite number?
True
Is 3830561 a composite number?
True
Is 28367279 composite?
True
Is 31011509 a composite number?
False
Is 28043087 a prime number?
False
Is 18839581 a composite number?
True
Is 3341683 prime?
False
Is 63850661 a prime number?
False
Is 39656167 prime?
True
Is 43875591 a composite number?
True
Is 151531157 prime?
False
Is 8508863 prime?
False
Is 897191 a composite number?
False
Is 365288839 a prime number?
False
Is 276030773 prime?
True
Is 510199 a prime number?
True
Is 116216246 a composite number?
True
Is 262264537 a composite number?
False
Is 47093069 prime?
False
Is 5822659 a composite number?
True
Is 51319757 prime?
True
Is 803213 a composite number?
True
Is 603800881 composite?
False
Is 85764647 prime?
False
Is 1044559 a composite number?
False
Is 9151 a prime number?
True
Is 11753909 prime?
False
Is 283873 composite?
False
Is 162893153 composite?
True
Is 13380971 composite?
True
Is 3954959 a prime number?
True
Is 266230567 prime?
True
Is 11210851 a composite number?
False
Is 67414899 a composite number?
True
Is 2834939 composite?
False
Is 17949047 a composite number?
True
Is 1323431 a prime number?
True
Is 44376781 prime?
False
Is 567913 a composite number?
True
Is 20176391 a prime number?
True
Is 3170147 a prime number?
False
Is 30790003 composite?
False
Is 2652979 composite?
True
Is 57657667 composite?
True
Is 5098903 a composite number?
False
Is 490186507 a prime number?
False
Is 52995149 a prime number?
True
Is 329941 a composite number?
False
Is 1413161 a composite number?
False
Is 33366689 a prime number?
True
Is 98718853 a composite number?
False
Is 32209557 composite?
True
Is 15161395 prime?
False
Is 2870067 a prime number?
False
Is 3592033 a composite number?
True
Is 52389453 a prime number?
False
Is 32385989 a composite number?
True
Is 252180581 prime?
False
Is 8072791 a composite number?
False
Is 302563 a composite number?
False
Is 9848171 a prime number?
True
Is 13854278 composite?
True
Is 25535873 prime?
False
Is 2312521 a prime number?
True
Is 64655329 prime?
True
Is 1380961 composite?
True
Is 1305287 composite?
False
Is 33126343 prime?
True
Is 224446 prime?
False
Is 9064241 prime?
True
Is 1020603 prime?
False
Is 2655131 a composite number?
True
Is 62875651 a prime number?
False
Is 36024557 a prime number?
True
Is 12012743 composite?
False
Is 4557937 a prime number?
True
Is 7694161 composite?
True
Is 345151297 prime?
True
Is 23463287 a prime number?
False
Is 595866917 prime?
True
Is 218213323 a composite number?
False
Is 2746105 a prime number?
False
Is 12511789 a prime number?
False
Is 11887429 a prime number?
True
Is 30246613 composite?
True
Is 191374021 a composite number?
True
Is 1039117 composite?
True
Is 4538858 a composite number?
True
Is 11946707 composite?
False
Is 34624279 a prime number?
True
Is 4749919 a composite number?
True
Is 2167873 a prime number?
True
Is 1407449 a composite number?
False
Is 6306529 prime?
True
Is 6419695 composite?
True
Is 5737307 prime?
False
Is 41385989 prime?
True
Is 102162341 a prime number?
True
Is 64273289 prime?
True
Is 38523113 composite?
False
Is 1976903 prime?
True
Is 3709561 prime?
True
Is 1549243 composite?
True
Is 1367099 a prime number?
False
Is 2944489 a prime number?
False
Is 9496561 a composite number?
True
Is 7638473 composite?
False
Is 2558719 a prime number?
True
Is 13365809 a composite number?
False
Is 537772363 a composite number?
True
Is 10832917 a prime number?
True
Is 68675191 prime?
False
Is 1685714 composite?
True
Is 261836293 prime?
True
Is 1051145 composite?
True
Is 54208009 a prime number?
True
Is 12320197 prime?
True
Is 31291471 a composite number?
False
Is 164023 a composite number?
False
Is 9000161 prime?
False
Is 1293914 a composite number?
True
Is 22177889 a prime number?
True
Is 13546381 a prime number?
True
Is 40383526 a composite number?
True
Is 654213031 composite?
False
Is 1602817 a composite number?
False
Is 18943315 a prime number?
False
Is 1925499 a prime number?
False
Is 773782939 prime?
False
Is 23344973 a composite number?
False
Is 2011483 prime?
True
Is 6416923 a prime number?
True
Is 11546309 composite?
False
Is 15480737 a prime number?
True
Is 5209222 prime?
False
Is 186829 a prime number?
False
Is 18020435 a composite number?
True
Is 67199267 prime?
True
Is 42695371 a prime number?
True
Is 1068437 a prime number?
True
Is 2556397 composite?
False
Is 25550101 composite?
True
Is 430553 composite?
False
Is 23098891 composite?
False
Is 11738813 a prime number?
True
Is 292931897 prime?
False
Is 69853711 composite?
False
Is 150133037 a prime number?
True
Is 18499657 composite?
True
Is 102463973 a composite number?
True
Is 6744838 prime?
False
Is 299887039 composite?
False
Is 96431903 a composite number?
True
Is 6476651 a prime number?
True
Is 1471643 a composite number?
True
Is 17271047 prime?
True
Is 2844197 prime?
True
Is 2172773 prime?
True
Is 1156249 composite?
False
Is 19122967 prime?
True
Is 22240091 a prime number?
False
Is 6649223 composite?
True
Is 13419033 prime?
False
Is 2844779 a prime number?
False
Is 368323 composite?
False
Is 4419445 a composite number?
True
Is 6464827 a composite number?
False
Is 140111117 prime?
True
Is 5549483 a prime number?
True
Is 162605063 prime?
False
Is 103007 a composite number?
False
Is 216605 a composite number?
True
Is 78265007 composite?
False
Is 158182271 composite?
True
Is 1143529 a prime number?
True
Is 2599383 a prime number?
False
Is 6340025639 prime?
True
Is 2622803 prime?
False
Is 8649577 a composite number?
True
Is 27055747 composite?
False
Is 15008033 a prime number?
False
Is 11492441 prime?
True
Is 8725799 a prime number?
True
Is 50065139 composite?
False
Is 7341149 composite?
False
Is 13734163 composite?
False
Is 2688577 prime?
False
Is 470021 a composite number?
False
Is 4394773 a prime number?
True
Is 60448463 prime?
True
Is 76904639 prime?
False
Is 1301633 a prime number?
False
Is 670987 prime?
True
Is 6557879 prime?
False
Is 75958433 a composite number?
False
Is 22917527 composite?
True
Is 408293029 composite?
True
Is 480556859 composite?
True
Is 3040727 prime?
True
Is 259497677 prime?
True
Is 355768321 a prime number?
True
Is 33330361 prime?
False
Is 24216169 a prime number?
False
Is 207334121 prime?
False
Is 218305 a composite number?
True
Is 4405118 composite?
True
Is 3051001 composite?
True
Is 27599839 prime?
False
Is 240542243 a prime number?
True
Is 86881979 prime?
True
Is 1801078 prime?
False
Is 28145069 prime?
True
Is 92514453 a prime number?
False
Is 7418713 prime?
False
Is 841181 prime?
False
Is 165749 composite?
False
Is 7170007 prime?
False
Is 3141962 composite?
True
Is 93340909 composite?
False
Is 1917473 a composite number?
True
Is 225326737 a composite number?
False
Is 8999197 a prime number?
True
Is 16932317 a composite number?
True
Is 4748683 prime?
True
Is 282643 a composite number?
True
Is 3725593 prime?
False
Is 1033321 a composite number?
True
Is 3827389 a composite number?
True
Is 1764809 prime?
True
Is 18787997 composite?
False
Is 8522483 prime?
False
Is 13810309 a composite number?
True
Is 2744467 a composite number?
True
Is 8260139 a prime number?
False
Is 2278631 composite?
False
Is 35879317 a composite number?
False
Is 26957473 a prime number?
False
Is 387437727 composite?
True
Is 10011023 a prime number?
False
Is 2028979 a composite number?
True
Is 11135737 prime?
True
Is 28019099 prime?
True
Is 1037737 prime?
False
Is 67732657 composite?
False
Is 471811 composite?
True
Is 42647363 prime?
False
Is 18585487 composite?
False
Is 2470711 composite?
True
Is 1587319 prime?
False
Is 27256067 composite?
False
Is 85151333 